(-8).
1
Let a(t) = -t**2 + 213574*t - 1494970. Determine a(7).
-1
Let i(v) = -v**3 - 171*v**2 - 1998*v - 113128. Calculate i(-163).
-6
Let s(m) = -34*m**2 + 147*m + 3. Calculate s(4).
47
Let m(d) = -120*d - 12522. Calculate m(-112).
918
Let j(l) = 226*l - 683. What is j(4)?
221
Let c(k) = -4*k**2 + 1040*k - 1173. Determine c(259).
-137
Let w(i) = -140*i - 980. Calculate w(-4).
-420
Let t(w) = w**3 + 4*w**2 - 432*w + 1939. Determine t(5).
4
Let y(d) = -d**3 - 3*d**2 - 123*d + 852. Determine y(5).
37
Let b(n) = 3*n**3 + 8*n**2 - 68*n + 215. Determine b(4).
263
Let y(d) = -3627*d - 61703. Calculate y(-17).
-44
Let j(q) = -277*q**2 - 2449*q - 17. What is j(-7)?
3553
Let d(j) = -10*j**2 + 1895*j - 5601. Calculate d(3).
-6
Let b(q) = -4290*q + 695581. What is b(162)?
601
Let x(l) = 137*l**2 + 2205*l + 49. Determine x(-16).
-159
Let y(t) = 6*t**3 - 236*t**2 + 107*t - 1315. Calculate y(39).
-184
Let p(b) = -3*b**3 + 73*b**2 + 509*b + 658. Determine p(-4).
-18
Let g(d) = d**2 + 34746*d - 243289. What is g(7)?
-18
Let t(y) = -80789*y - 6543897. Give t(-81).
12
Let f(k) = -2*k**2 + 775*k + 522794. What is f(-353)?
1
Let o(d) = -2*d**3 - 61*d**2 - 437*d - 40. Give o(-12).
-124
Let l(g) = -595*g + 17928. What is l(30)?
78
Let u(h) = -1074*h + 128660. Calculate u(120).
-220
Let p(t) = -2*t**3 - 68*t**2 + 1599*t + 214. Determine p(16).
198
Let d(z) = 35515*z - 3125320. What is d(88)?
0
Let t(i) = 19366*i - 19412. Give t(1).
-46
Let n(s) = -2*s**3 + 282*s**2 - 4*s + 742. Calculate n(141).
178
Let g(z) = 31619*z + 284549. Give g(-9).
-22
Let o(t) = -99*t**2 + 113987*t - 157556. Give o(1150).
-6
Let q(l) = -l**2 + 445*l - 20157. Give q(44).
-2513
Let b(u) = u**3 + u**2 - u - 2. What is b(-9)?
-641
Let l(t) = t**2 + 274*t + 71. Give l(0).
71
Let l(u) = 2*u**2 + 391*u - 33873. Calculate l(65).
-8
Let d(c) = 1047*c - 139358. Calculate d(133).
-107
Let c(v) = -2512*v + 20630. Determine c(8).
534
Let f(a) = 2*a**3 - 7*a**2 + 32*a - 101. Determine f(6).
271
Let n(p) = 2*p**3 + 50*p**2 - 641*p + 1071. Calculate n(2).
5
Let b(p) = -p**3 + 39*p**2 + 2*p + 526. Calculate b(40).
-994
Let u(s) = -10749*s - 2773219. Give u(-258).
23
Let j(u) = -u**3 - 244*u**2 + 101399*u + 928. Calculate j(-463).
2
Let s(l) = l**2 - 336*l - 10390. Give s(-28).
-198
Let k(s) = -s**2 - 473214*s - 9937048. What is k(-21)?
5
Let k(q) = -384*q - 9688. What is k(-25)?
-88
Let z(b) = -18838*b + 226059. Calculate z(12).
3
Let h(p) = -46*p - 838. What is h(-7)?
-516
Let o(d) = d**3 - 59*d**2 + 145*d + 24818. Give o(38).
4
Let s(r) = -r**2 - 34871*r + 4901533. Determine s(140).
-7
Let l(d) = 600*d + 60925. What is l(-101)?
325
Let t(u) = 1808149*u + 1808159. Give t(-1).
10
Let c(q) = -613*q - 18405. What is c(-30)?
-15
Let j(g) = 80834*g + 41. Calculate j(0).
41
Let c(x) = -x**3 + 248*x**2 + 1827*x + 297. Give c(-7).
3
Let m(w) = -4*w**3 + 15*w**2 + 47*w - 30. Determine m(7).
-338
Let o(q) = 315*q - 1285. Determine o(4).
-25
Let m(w) = 671*w - 41616. What is m(62)?
-14
Let n(w) = 33*w**3 + 2629*w**2 - 881*w - 74. Calculate n(-80).
6
Let s(o) = -o**2 + 578*o - 2897. Give s(5).
-32
Let n(h) = -101*h**2 - 1211*h + 14. Calculate n(-12).
2
Let l(b) = -b**2 - 56*b + 587. What is l(8)?
75
Let v(i) = 2*i**2 - 220*i - 2175. Give v(-11).
487
Let k(j) = -5*j**2 + 499*j - 2257. Give k(95).
23
Let r(h) = h**3 + 37*h**2 + 501*h + 367. Calculate r(-22).
-3395
Let t(i) = -1339*i + 13249. Give t(10).
-141
Let m(n) = -9206*n + 89834. Calculate m(10).
-2226
Let c(z) = z**3 + 46*z**2 + 475*z - 1006. What is c(-27)?
20
Let i(b) = -3806*b - 26314. Determine i(-7).
328
Let u(g) = 3*g**3 - 73*g**2 + 28*g - 773. Give u(26).
3335
Let f(k) = -1414*k + 2900. Determine f(2).
72
Let v(m) = -11*m**2 - 1972*m - 48221. Calculate v(-150).
79
Let n(r) = -1248*r - 66009. Calculate n(-53).
135
Let g(u) = -2*u**3 - 88*u**2 - 80*u + 69. What is g(-43)?
-189
Let b(r) = -r**2 - 9784*r + 9. Calculate b(0).
9
Let z(k) = k**3 - 39*k**2 + 29*k + 601. Give z(36).
-2243
Let q(a) = a**3 + 163*a**2 + 10*a + 1548. Calculate q(-163).
-82
Let m(x) = -3*x**3 - 7*x**2 + 109*x + 58. Calculate m(6).
-188
Let k(x) = -46*x**2 - 4687*x + 454. What is k(-102)?
-56
Let a(g) = -519*g + 68427. Give a(132).
-81
Let k(p) = -1292*p**2 + 7738*p - 47. Calculate k(6).
-131
Let c(b) = -7*b**2 - 4295*b + 12952. Calculate c(3).
4
Let u(a) = 474*a - 13226. What is u(28)?
46
Let a(p) = 42*p**2 - 768*p + 2825. Give a(5).
35
Let p(u) = 2*u**3 - 268*u**2 - 9848*u + 479. Give p(164).
-833
Let d(o) = o**3 + 132*o**2 + 659*o + 3134. Calculate d(-127).
86
Let p(x) = x**3 + 134*x**2 + 1026*x + 2286. Calculate p(-126).
18
Let k(d) = d**3 + 160*d**2 - 839*d - 2325. Determine k(-165).
-15
Let m(y) = 2*y**3 + 28*y**2 - 31*y - 162. Calculate m(-5).
443
Let w(y) = -195*y**3 - 7*y**2 + 107*y - 101. What is w(1)?
-196
Let h(d) = -30*d**2 - 36517*d - 45023. What is h(-1216)?
-31
Let b(n) = -2*n**3 + 361*n**2 - 1234*n - 383. Give b(177).
502
Let i(s) = s**2 - 1730*s + 13798. Give i(8).
22
Let h(j) = -3*j**3 + 308*j**2 + 415*j - 525. Determine h(104).
-629
Let o(s) = -197*s - 2817. What is o(-13)?
-256
Let c(w) = -20351*w - 122218. Calculate c(-6).
-112
Let b(f) = 11*f**2 + 28*f + 496. Calculate b(-10).
1316
Let r(f) = 8*f**3 - 88*f**2 - 34*f + 1059. Give r(10).
-81
Let a(d) = -55*d**2 - 5587*d - 16765. Calculate a(-3).
-499
Let w(x) = -323*x**2 + 138*x + 134. What is w(-1)?
-327
Let b(x) = 2*x**2 + 10448*x + 599267. Determine b(-58).
11
Let b(n) = -2*n**3 - 581*n**2 + 2644*n - 3245. What is b(-295)?
0
Let v(k) = -216*k**2 + 31727*k + 3674. Give v(147).
-1
Let i(t) = -43558*t - 958211. Determine i(-22).
65
Let d(c) = 4*c**3 + 63*c**2 + 310*c + 6709. Calculate d(-17).
-6
Let v(u) = u**3 + 14*u**2 - 447*u - 88. Determine v(-31).
-2568
Let k(q) = -q**3 + 74*q**2 - 814*q - 1818. Determine k(16).
6
Let t(q) = 1712*q + 513716. Determine t(-300).
116
Let t(s) = -s**2 - 55010*s - 55011. Determine t(-1).
-2
Let d(s) = 899995*s + 17099906. Give d(-19).
1
Let h(n) = -37*n**3 + 2367*n**2 + 112*n - 60. Determine h(64).
3012
Let j(p) = -42*p**2 + 89*p + 9. Calculate j(-1).
-122
Let r(x) = -2753*x - 68823. Give r(-25).
2
Let q(a) = 63*a**3 - 128*a**2 - 30*a + 69. Determine q(2).
1
Let m(x) = 779617*x**2 + 779629*x - 2. Determine m(-1).
-14
Let f(y) = 3*y**3 - 14*y**2 + 144*y - 731. Give f(5).
14
Let p(x) = -22362*x + 2974136. Calculate p(133).
-10
Let y(j) = 10*j**2 + 19*j + 531. Give y(-17).
3098
Let t(x) = -27*x**3 - 69*x**2 - 185*x - 98. Calculate t(-2).
212
Let o(i) = -i**3 + 4*i**2 + 79*i - 29. Determine o(-7).
-43
Let t(s) = 609*s**2 + 7*s + 960. Calculate t(0).
960
Let j(a) = 11*a**2 - 73968*a + 221801. Calculate j(3).
-4
Let o(r) = 3*r**3 + 13*r**2 - 397*r + 772. Calculate o(2).
54
Let p(i) = -30*i**2 - 130*i - 138. Calculate p(-4).
-98
Let f(g) = -4*g**2 - 4897*g - 656543. Determine f(-1071).
-20
Let r(y) = y**3 - 59*y**2 + 714*y + 999. Calculate r(41).
15
Let v(k) = -2*k**3 - 401*k**2 - 46*k - 49648. What is v(-201)?
-1
Let d(g) = -2*g**2 + 28*g + 10. Determine d(-9).
-404
Let g(j) = 2*j**3 + 6*j**2 + 134*j + 1715. Give g(-13).
-3407
Let o(u) = 565*u**2 - 159*u - 156. What is o(-1)?
568
Let v(l) = 815*l + 5268. Give v(-4).
2008
Let n(g) = -g**3 + 34*g**2 - 38*g + 2568. Give n(35).
13
Let s(p) = -321*p + 3885. What is s(10)?
675
Let p(v) = v**3 + 5*v**2 - 337*v - 16. Give p(-21).
5
Let m(v) = -79*v**2 - 18098*v - 1598. Calculate m(-229).
5
Let u(w) = -6*w**3 + 1523*w**2 + 1729*w + 14267. What is u(255)?
-13
Let m(f) = -6*f**2 + 115*f + 177. Determine m(21).
-54
Let g(h) = -419*h + 31887. Give g(76).
43
Let v(o) = -40*o**2 - 521*o - 55. Calculate v(-13).
-42
Let g(t) = -31339*t + 31328. What is g(1)?
-11
Let a(k) = 4*k**3 + 21*k**2 - 82*k + 18. Determine a(-8).
-30
Let l(y) = -19188*y + 1438876. Give l(75).
-224
Let m(d) = 4*d**2 - 244*d + 2788. Give m(16).
-92
Let z(v) = -7*v**2 + 2719*v + 10971. What is z(-4)?
-17
Let t(a) = -20314*a - 40647. Determine t(-2).
-19
Let z(c) = c**2 + 52*c + 416. Calculate z(-11).
-35
Let b(m) = -7*m**2 - 1359*m + 63645. Determine b(39).
-3
Let l(d) = 5*d**2 + 37606*d - 2045299. Calculate l(54).
5
Let g(z) = 285237*z + 285232. Give g(-1).
-5
Let u(c) = -c**2 - 107494*c + 860015. Give u(8).
-1
Let a(c) = 6*c**2 - 2818*c - 61833. What is a(-21)?
-9
Let p(i) = -4*i